t the prime factors of 156476.
2, 39119
List the prime factors of 3408033.
3, 37, 30703
What are the prime factors of 376748?
2, 97, 971
List the prime factors of 8303482.
2, 11, 571, 661
List the prime factors of 399359.
29, 47, 293
What are the prime factors of 746863?
13, 73, 787
List the prime factors of 903670.
2, 5, 23, 3929
What are the prime factors of 116002?
2, 31, 1871
What are the prime factors of 3375389?
3375389
List the prime factors of 6050297.
11, 550027
What are the prime factors of 4043143?
13, 19, 16369
List the prime factors of 671300.
2, 5, 7, 137
What are the prime factors of 215529?
3, 71843
List the prime factors of 402512.
2, 11, 2287
List the prime factors of 51427.
51427
What are the prime factors of 20943?
3, 13, 179
What are the prime factors of 12909661?
2617, 4933
What are the prime factors of 29022645?
3, 5, 1934843
What are the prime factors of 11107725?
3, 5, 29, 5107
What are the prime factors of 271371?
3, 17, 313
List the prime factors of 3279103.
877, 3739
What are the prime factors of 2510144?
2, 7, 13, 431
What are the prime factors of 544429?
544429
What are the prime factors of 5312209?
7, 758887
List the prime factors of 129074.
2, 11, 5867
What are the prime factors of 886289?
97, 9137
List the prime factors of 693110.
2, 5, 11, 6301
What are the prime factors of 239027?
239027
List the prime factors of 121557.
3, 40519
List the prime factors of 984349.
984349
List the prime factors of 6588355.
5, 1317671
What are the prime factors of 5316383?
67, 79349
What are the prime factors of 181673?
139, 1307
What are the prime factors of 221812?
2, 23, 2411
List the prime factors of 10046659.
7, 1435237
List the prime factors of 162690.
2, 3, 5, 11, 17, 29
List the prime factors of 2875640.
2, 5, 29, 37, 67
What are the prime factors of 2302419?
3, 7, 109639
List the prime factors of 304468.
2, 103, 739
What are the prime factors of 629126?
2, 29, 10847
What are the prime factors of 1499387?
29, 149, 347
List the prime factors of 2677122.
2, 3, 7, 21247
What are the prime factors of 2966992?
2, 7, 59, 449
What are the prime factors of 5389455?
3, 5, 359297
List the prime factors of 197432.
2, 23, 29, 37
List the prime factors of 10653317.
41, 259837
List the prime factors of 1788387.
3, 157, 3797
List the prime factors of 166935.
3, 5, 31, 359
What are the prime factors of 12588?
2, 3, 1049
What are the prime factors of 5593863?
3, 11, 337, 503
List the prime factors of 88878.
2, 3, 14813
What are the prime factors of 284070?
2, 3, 5, 17, 557
What are the prime factors of 307075?
5, 71, 173
What are the prime factors of 249187?
249187
What are the prime factors of 2874207?
3, 7, 17, 83, 97
List the prime factors of 1064204.
2, 266051
List the prime factors of 6061893.
3, 19, 106349
What are the prime factors of 918811?
71, 12941
List the prime factors of 814536.
2, 3, 419
List the prime factors of 195378.
2, 3, 32563
List the prime factors of 10491828.
2, 3, 43, 20333
What are the prime factors of 600528?
2, 3, 12511
What are the prime factors of 1293416?
2, 107, 1511
List the prime factors of 55250.
2, 5, 13, 17
List the prime factors of 9059.
9059
List the prime factors of 630671.
67, 9413
List the prime factors of 2377084.
2, 594271
What are the prime factors of 9630940?
2, 5, 11, 43777
List the prime factors of 638974.
2, 7, 45641
List the prime factors of 3385206.
2, 3, 11, 41, 139
What are the prime factors of 17060931?
3, 653, 2903
What are the prime factors of 1697598?
2, 3, 7, 499
List the prime factors of 1546247.
1546247
List the prime factors of 192190.
2, 5, 19219
List the prime factors of 2026153.
2026153
What are the prime factors of 85804?
2, 19, 1129
What are the prime factors of 177730?
2, 5, 7, 2539
List the prime factors of 70044.
2, 3, 13, 449
What are the prime factors of 36228?
2, 3, 3019
What are the prime factors of 257973?
3, 85991
List the prime factors of 10281760.
2, 5, 179, 359
What are the prime factors of 1433292?
2, 3, 7, 113, 151
What are the prime factors of 2200026?
2, 3, 61, 6011
What are the prime factors of 480140?
2, 5, 24007
List the prime factors of 14007.
3, 7, 23, 29
What are the prime factors of 925376?
2, 19, 761
What are the prime factors of 42246?
2, 3, 2347
What are the prime factors of 1007264?
2, 31477
List the prime factors of 156838.
2, 11, 7129
What are the prime factors of 8308340?
2, 5, 127, 3271
What are the prime factors of 5257042?
2, 7, 31, 12113
List the prime factors of 4144946.
2, 13, 159421
What are the prime factors of 465126?
2, 3, 77521
What are the prime factors of 1283780?
2, 5, 64189
What are the prime factors of 395710?
2, 5, 7, 5653
What are the prime factors of 315764?
2, 78941
List the prime factors of 4434350.
2, 5, 131, 677
List the prime factors of 311962.
2, 7, 22283
What are the prime factors of 65653?
7, 83, 113
List the prime factors of 234047.
11, 21277
What are the prime factors of 779031?
3, 11, 43, 61
List the prime factors of 5957820.
2, 3, 5, 11, 17, 59
What are the prime factors of 2869361?
11, 19, 13729
What are the prime factors of 3482800?
2, 5, 8707
What are the prime factors of 4221444?
2, 3, 61, 73, 79
List the prime factors of 3102082.
2, 1551041
What are the prime factors of 17430691?
1013, 17207
List the prime factors of 988558.
2, 281, 1759
What are the prime factors of 1076271?
3, 7, 53, 967
What are the prime factors of 3013571?
11, 19, 14419
What are the prime factors of 478742?
2, 11, 47, 463
List the prime factors of 298262.
2, 19, 47, 167
List the prime factors of 97302.
2, 3, 16217
What are the prime factors of 870584?
2, 11, 13, 761
What are the prime factors of 4572103?
19, 331, 727
What are the prime factors of 260652?
2, 3, 7, 29, 107
What are the prime factors of 121571?
121571
What are the prime factors of 234260?
2, 5, 13, 17, 53
List the prime factors of 6536280.
2, 3, 5, 54469
List the prime factors of 5658713.
19, 23, 563
What are the prime factors of 6800448?
2, 3, 35419
What are the prime factors of 432244?
2, 108061
What are the prime factors of 1125752?
2, 109, 1291
List the prime factors of 515750.
2, 5, 2063
What are the prime factors of 2353500?
2, 3, 5, 523
List the prime factors of 3507113.
3507113
List the prime factors of 31332.
2, 3, 7, 373
What are the prime factors of 744675?
3, 5, 9929
List the prime factors of 25203229.
2111, 11939
What are the prime factors of 374884?
2, 17, 37, 149
List the prime factors of 286081.
523, 547
List the prime factors of 206177.
206177
List the prime factors of 319360.
2, 5, 499
What are the prime factors of 1011874?
2, 17, 29761
List the prime factors of 1004905.
5, 11, 151
List the prime factors of 795415.
5, 257, 619
What are the prime factors of 29995359?
3, 337, 29669
What are the prime factors of 117636?
2, 3, 9803
What are the prime factors of 1533487?
1533487
What are the prime factors of 136534?
2, 19, 3593
What are the prime factors of 12851420?
2, 5, 199, 3229
What are the prime factors of 2614653?
3, 179, 541
What are the prime factors of 706382?
2, 19, 29, 641
What are the prime factors of 275885?
5, 23, 2399
What are the prime factors of 4670134?
2, 7, 333581
What are the prime factors of 2179580?
2, 5, 13, 83, 101
What are the prime factors of 96452?
2, 24113
What are the prime factors of 126560?
2, 5, 7, 113
List the prime factors of 225165.
3, 5, 17, 883
What are the prime factors of 26714?
2, 19, 37
What are the prime factors of 207466?
2, 7, 29, 73
What are the prime factors of 8193713?
11, 151, 4933
What are the prime factors of 534049?
534049
What are the prime factors of 11529934?
2, 13, 43, 10313
What are the prime factors of 16044971?
107, 149953
What are the prime factors of 6278769?
3, 7, 139, 239
List the prime factors of 527885.
5, 71, 1487
List the prime factors of 6017191.
23, 431, 607
List the prime factors of 10191692.
2, 7, 363989
List the prime factors of 6128338.
2, 29, 157, 673
What are the prime factors of 7143435?
3, 5, 13, 12211
What are the prime factors of 1259091?
3, 46633
What are the prime factors of 3257735?
5, 13, 50119
What are the prime factors of 586763?
53, 11071
What are the prime factors of 567071?
41, 13831
List the prime factors of 160544.
2, 29, 173
List the prime factors of 15171108.
2, 3